{"id":1333,"date":"2022-03-07T12:37:32","date_gmt":"2022-03-07T11:37:32","guid":{"rendered":"https:\/\/lumiart.ch\/?page_id=1333"},"modified":"2025-05-26T10:04:25","modified_gmt":"2025-05-26T08:04:25","slug":"make-up","status":"publish","type":"page","link":"https:\/\/lumiart.ch\/de\/make-up\/","title":{"rendered":"Make-up"},"content":{"rendered":"<p>[et_pb_section fb_built=&#8220;1&#8243; custom_padding_last_edited=&#8220;on|phone&#8220; admin_label=&#8220;section&#8220; module_class=&#8220;slider-banniere-pages&#8220; _builder_version=&#8220;4.24.2&#8243; background_image=&#8220;https:\/\/lumiart.ch\/wp-content\/uploads\/2024\/02\/maquillage.jpg&#8220; custom_margin=&#8220;0px||0px||false|false&#8220; custom_padding=&#8220;175px||175px||true|false&#8220; custom_padding_tablet=&#8220;125px||125px||true|false&#8220; custom_padding_phone=&#8220;75px||75px||true|false&#8220; animation_style=&#8220;fade&#8220; animation_duration=&#8220;600ms&#8220; global_colors_info=&#8220;{}&#8220;][\/et_pb_section][et_pb_section fb_built=&#8220;1&#8243; custom_padding_last_edited=&#8220;on|desktop&#8220; module_class=&#8220;illustration-femme&#8220; _builder_version=&#8220;4.27.3&#8243; _module_preset=&#8220;default&#8220; custom_margin=&#8220;0px||0px||false|false&#8220; custom_padding=&#8220;75px|40px|80px|40px|false|true&#8220; custom_padding_tablet=&#8220;55px|20px|60px|20px|false|true&#8220; custom_padding_phone=&#8220;|20px||20px|false|true&#8220; global_colors_info=&#8220;{}&#8220;][et_pb_row _builder_version=&#8220;4.17.3&#8243; _module_preset=&#8220;default&#8220; custom_margin=&#8220;0px||0px||false|false&#8220; custom_padding=&#8220;0px||0px||false|false&#8220; global_colors_info=&#8220;{}&#8220;][et_pb_column type=&#8220;4_4&#8243; _builder_version=&#8220;4.17.3&#8243; _module_preset=&#8220;default&#8220; global_colors_info=&#8220;{}&#8220;][et_pb_text _builder_version=&#8220;4.27.4&#8243; _module_preset=&#8220;default&#8220; text_text_color=&#8220;#AF0917&#8243; text_orientation=&#8220;center&#8220; custom_margin=&#8220;0px||14px||false|false&#8220; custom_padding=&#8220;0px||0px||false|false&#8220; text_font_size_tablet=&#8220;17px&#8220; text_font_size_phone=&#8220;16px&#8220; text_font_size_last_edited=&#8220;on|desktop&#8220; global_colors_info=&#8220;{}&#8220;]<\/p>\n<p><strong>Wir bieten verschiedene Arten von Make-up an<\/strong><\/p>\n<p>[\/et_pb_text][et_pb_text _builder_version=&#8220;4.27.4&#8243; _module_preset=&#8220;default&#8220; header_text_align=&#8220;center&#8220; header_font_size=&#8220;38px&#8220; header_2_text_align=&#8220;center&#8220; header_2_font_size=&#8220;38px&#8220; width=&#8220;620px&#8220; max_width=&#8220;100%&#8220; module_alignment=&#8220;center&#8220; custom_margin=&#8220;0px||0px||false|false&#8220; custom_padding=&#8220;0px||0px||false|false&#8220; header_font_size_tablet=&#8220;35px&#8220; header_font_size_phone=&#8220;32px&#8220; header_font_size_last_edited=&#8220;on|phone&#8220; global_colors_info=&#8220;{}&#8220;]<\/p>\n<h1>Make-up<\/h1>\n<p>[\/et_pb_text][et_pb_text _builder_version=&#8220;4.27.4&#8243; _module_preset=&#8220;default&#8220; text_orientation=&#8220;justified&#8220; width=&#8220;620px&#8220; max_width=&#8220;100%&#8220; module_alignment=&#8220;center&#8220; custom_margin=&#8220;0px||30px||false|false&#8220; custom_padding=&#8220;0px||0px||false|false&#8220; hover_enabled=&#8220;0&#8243; text_font_size_tablet=&#8220;17px&#8220; text_font_size_phone=&#8220;16px&#8220; text_font_size_last_edited=&#8220;on|desktop&#8220; global_colors_info=&#8220;{}&#8220; sticky_enabled=&#8220;0&#8243;]<\/p>\n<p>Ob f\u00fcr Ihre Hochzeit, einen wichtigen Abend oder einen besonderen Tag: Z\u00f6gern Sie nicht, Marie-Luz Garcia mit Ihrem Make-up zu beauftragen.<\/p>\n<p>F\u00fcr verschiedene Anl\u00e4sse fertigt sie auch Airbrush-Make-ups sowie Theater-Make-ups an.<\/p>\n<p>Lumi&#8217;Art bietet Ihnen ausserdem Make-up- und Airbrush-Kurse, pers\u00f6nliche Beratung und praktiziert auch Permanent-Make-up und das Anbringen falscher Wimpern.<\/p>\n<p>Die Make-up-Kurse k\u00f6nnen f\u00fcr einen halben Tag gebucht werden (CHF 500.-). Der Tarif kann auch an Ihre spezifischeren Bed\u00fcrfnisse angepasst werden (Augenarbeit, Mundarbeit, Auftragen der Grundierung, Diskussion um die Zusammensetzung der Produkte, usw.).<\/p>\n<p>Unsere Referenzen :<\/p>\n<ul>\n<li>Opernhaus Freiburg<\/li>\n<li>Oper von Avenches<\/li>\n<li>Op\u00e9ra des Champs im Saal CO2 de la Tour de Tr\u00eame<\/li>\n<li>Compagnie du Graal in Thonon<\/li>\n<\/ul>\n<p>[\/et_pb_text][et_pb_button button_url=&#8220;@ET-DC@eyJkeW5hbWljIjp0cnVlLCJjb250ZW50IjoicG9zdF9saW5rX3VybF9wYWdlIiwic2V0dGluZ3MiOnsicG9zdF9pZCI6IjYwIn19@&#8220; button_text=&#8220;Kontaktieren Sie uns&#8220; button_alignment=&#8220;center&#8220; _builder_version=&#8220;4.27.4&#8243; _dynamic_attributes=&#8220;button_url&#8220; _module_preset=&#8220;default&#8220; global_colors_info=&#8220;{}&#8220;][\/et_pb_button][\/et_pb_column][\/et_pb_row][\/et_pb_section][et_pb_section fb_built=&#8220;1&#8243; custom_padding_last_edited=&#8220;on|desktop&#8220; disabled_on=&#8220;off|off|off&#8220; _builder_version=&#8220;4.27.4&#8243; _module_preset=&#8220;default&#8220; custom_margin=&#8220;0px||0px||false|false&#8220; custom_padding=&#8220;0px|20px|40px|20px|false|true&#8220; custom_padding_tablet=&#8220;|10px|60px|10px|false|true&#8220; custom_padding_phone=&#8220;|10px|60px|10px|false|true&#8220; global_colors_info=&#8220;{}&#8220;][et_pb_row use_custom_gutter=&#8220;on&#8220; gutter_width=&#8220;2&#8243; _builder_version=&#8220;4.17.3&#8243; _module_preset=&#8220;default&#8220; max_width=&#8220;1320px&#8220; custom_margin=&#8220;0px||0px||false|false&#8220; custom_padding=&#8220;0px||0px||false|false&#8220; global_colors_info=&#8220;{}&#8220;][et_pb_column type=&#8220;4_4&#8243; _builder_version=&#8220;4.17.3&#8243; _module_preset=&#8220;default&#8220; global_colors_info=&#8220;{}&#8220;][et_pb_gallery gallery_ids=&#8220;1563,1597,1603,1600&#8243; posts_number=&#8220;1000&#8243; show_title_and_caption=&#8220;off&#8220; show_pagination=&#8220;off&#8220; zoom_icon_color=&#8220;#AF0917&#8243; hover_overlay_color=&#8220;rgba(255,255,255,0.84)&#8220; hover_icon=&#8220;&#x30;||divi||400&#8243; _builder_version=&#8220;4.27.4&#8243; _module_preset=&#8220;default&#8220; hover_enabled=&#8220;0&#8243; global_colors_info=&#8220;{}&#8220; sticky_enabled=&#8220;0&#8243;][\/et_pb_gallery][\/et_pb_column][\/et_pb_row][\/et_pb_section]<\/p>\n","protected":false},"excerpt":{"rendered":"<p>Wir bieten verschiedene Arten von Make-up anMake-upOb f\u00fcr Ihre Hochzeit, einen wichtigen Abend oder einen besonderen Tag: Z\u00f6gern Sie nicht, Marie-Luz Garcia mit Ihrem Make-up zu beauftragen. F\u00fcr verschiedene Anl\u00e4sse fertigt sie auch Airbrush-Make-ups sowie Theater-Make-ups an. Lumi&#8217;Art bietet Ihnen ausserdem Make-up- und Airbrush-Kurse, pers\u00f6nliche Beratung und praktiziert auch Permanent-Make-up und das Anbringen falscher Wimpern. [&hellip;]<\/p>\n","protected":false},"author":1,"featured_media":0,"parent":0,"menu_order":0,"comment_status":"closed","ping_status":"closed","template":"","meta":{"_et_pb_use_builder":"on","_et_pb_old_content":"[et_pb_section fb_built=\"1\" custom_padding_last_edited=\"on|phone\" admin_label=\"section\" module_class=\"slider-banniere-pages\" _builder_version=\"4.24.2\" background_image=\"https:\/\/lumiart.ch\/wp-content\/uploads\/2024\/02\/maquillage.jpg\" custom_margin=\"0px||0px||false|false\" custom_padding=\"175px||175px||true|false\" custom_padding_tablet=\"125px||125px||true|false\" custom_padding_phone=\"75px||75px||true|false\" animation_style=\"fade\" animation_duration=\"600ms\" global_colors_info=\"{}\"][\/et_pb_section][et_pb_section fb_built=\"1\" custom_padding_last_edited=\"on|desktop\" module_class=\"illustration-femme\" _builder_version=\"4.27.3\" _module_preset=\"default\" custom_margin=\"0px||0px||false|false\" custom_padding=\"75px|40px|80px|40px|false|true\" custom_padding_tablet=\"55px|20px|60px|20px|false|true\" custom_padding_phone=\"|20px||20px|false|true\" hover_enabled=\"0\" global_colors_info=\"{}\" sticky_enabled=\"0\"][et_pb_row _builder_version=\"4.17.3\" _module_preset=\"default\" custom_margin=\"0px||0px||false|false\" custom_padding=\"0px||0px||false|false\" global_colors_info=\"{}\"][et_pb_column type=\"4_4\" _builder_version=\"4.17.3\" _module_preset=\"default\" global_colors_info=\"{}\"][et_pb_text _builder_version=\"4.27.3\" _module_preset=\"default\" text_text_color=\"#AF0917\" text_orientation=\"center\" custom_margin=\"0px||14px||false|false\" custom_padding=\"0px||0px||false|false\" hover_enabled=\"0\" global_colors_info=\"{}\" text_font_size_last_edited=\"on|desktop\" sticky_enabled=\"0\" text_font_size_tablet=\"17px\" text_font_size_phone=\"16px\"]\n\n<strong>Nous proposons diff\u00e9rents types de maquillage<\/strong>\n\n[\/et_pb_text][et_pb_text _builder_version=\"4.20.4\" _module_preset=\"default\" header_text_align=\"center\" header_font_size=\"38px\" header_2_text_align=\"center\" header_2_font_size=\"38px\" width=\"620px\" max_width=\"100%\" module_alignment=\"center\" custom_margin=\"0px||0px||false|false\" custom_padding=\"0px||0px||false|false\" header_font_size_tablet=\"35px\" header_font_size_phone=\"32px\" header_font_size_last_edited=\"on|phone\" global_colors_info=\"{}\"]\n<h1>Maquillage<\/h1>\n[\/et_pb_text][et_pb_text _builder_version=\"4.27.3\" _module_preset=\"default\" text_orientation=\"justified\" width=\"620px\" max_width=\"100%\" module_alignment=\"center\" custom_margin=\"0px||30px||false|false\" custom_padding=\"0px||0px||false|false\" hover_enabled=\"0\" global_colors_info=\"{}\" text_font_size_last_edited=\"on|desktop\" sticky_enabled=\"0\" text_font_size_tablet=\"17px\" text_font_size_phone=\"16px\"]\n\nQue ce soit pour votre mariage, pour une soir\u00e9e importante ou pour une journ\u00e9e particuli\u00e8re, n\u2019h\u00e9sitez pas \u00e0 faire appel \u00e0 Marie-Luz Garcia pour vos maquillages.\n\nPour diff\u00e9rentes occasions, elle r\u00e9alise \u00e9galement des maquillages \u00e0 l\u2019a\u00e9rographe ainsi que des maquillages de th\u00e9\u00e2tre.\n\nLumi\u2019Art vous propose aussi des cours de maquillage et d\u2019a\u00e9rographe, des conseils personnalis\u00e9s et pratique \u00e9galement les maquillages permanents et la pose de faux cils.\n\nLes <strong>cours de maquillage<\/strong> peuvent se r\u00e9server pour une demi-journ\u00e9e (CHF 500.\u2013). Le tarif peut \u00e9galement \u00eatre adapt\u00e9 selon vos besoins plus sp\u00e9cifiques (travail de l'\u0153il, travail de la bouche, application du fond de peau, discussion autour de la composition des produits, etc.).\n\nNos r\u00e9f\u00e9rences :\n<ul>\n \t<li>Op\u00e9ra de Fribourg<\/li>\n \t<li>Op\u00e9ra d\u2019Avenches<\/li>\n \t<li>Op\u00e9ra des Champs \u00e0 la salle CO2 de la Tour de Tr\u00eame<\/li>\n \t<li>Compagnie du Graal \u00e0 Thonon<\/li>\n<\/ul>\n[\/et_pb_text][et_pb_button button_url=\"@ET-DC@eyJkeW5hbWljIjp0cnVlLCJjb250ZW50IjoicG9zdF9saW5rX3VybF9wYWdlIiwic2V0dGluZ3MiOnsicG9zdF9pZCI6IjYwIn19@\" button_text=\"Contactez-nous\" button_alignment=\"center\" _builder_version=\"4.23\" _dynamic_attributes=\"button_url\" _module_preset=\"default\" global_colors_info=\"{}\"][\/et_pb_button][\/et_pb_column][\/et_pb_row][\/et_pb_section][et_pb_section fb_built=\"1\" custom_padding_last_edited=\"on|desktop\" disabled_on=\"on|on|on\" _builder_version=\"4.23\" _module_preset=\"default\" custom_margin=\"0px||0px||false|false\" custom_padding=\"0px|20px|40px|20px|false|true\" custom_padding_tablet=\"|10px|60px|10px|false|true\" custom_padding_phone=\"|10px|60px|10px|false|true\" disabled=\"on\" global_colors_info=\"{}\"][et_pb_row use_custom_gutter=\"on\" gutter_width=\"2\" _builder_version=\"4.17.3\" _module_preset=\"default\" max_width=\"1320px\" custom_margin=\"0px||0px||false|false\" custom_padding=\"0px||0px||false|false\" global_colors_info=\"{}\"][et_pb_column type=\"4_4\" _builder_version=\"4.17.3\" _module_preset=\"default\" global_colors_info=\"{}\"][et_pb_gallery gallery_ids=\"266,256,248,149,116\" posts_number=\"1000\" show_title_and_caption=\"off\" show_pagination=\"off\" zoom_icon_color=\"#AF0917\" hover_overlay_color=\"rgba(255,255,255,0.84)\" hover_icon=\"&#x30;||divi||400\" _builder_version=\"4.17.3\" _module_preset=\"default\" global_colors_info=\"{}\"][\/et_pb_gallery][\/et_pb_column][\/et_pb_row][\/et_pb_section]","_et_gb_content_width":"","footnotes":""},"class_list":["post-1333","page","type-page","status-publish","hentry"],"_links":{"self":[{"href":"https:\/\/lumiart.ch\/de\/wp-json\/wp\/v2\/pages\/1333","targetHints":{"allow":["GET"]}}],"collection":[{"href":"https:\/\/lumiart.ch\/de\/wp-json\/wp\/v2\/pages"}],"about":[{"href":"https:\/\/lumiart.ch\/de\/wp-json\/wp\/v2\/types\/page"}],"author":[{"embeddable":true,"href":"https:\/\/lumiart.ch\/de\/wp-json\/wp\/v2\/users\/1"}],"replies":[{"embeddable":true,"href":"https:\/\/lumiart.ch\/de\/wp-json\/wp\/v2\/comments?post=1333"}],"version-history":[{"count":12,"href":"https:\/\/lumiart.ch\/de\/wp-json\/wp\/v2\/pages\/1333\/revisions"}],"predecessor-version":[{"id":1605,"href":"https:\/\/lumiart.ch\/de\/wp-json\/wp\/v2\/pages\/1333\/revisions\/1605"}],"wp:attachment":[{"href":"https:\/\/lumiart.ch\/de\/wp-json\/wp\/v2\/media?parent=1333"}],"curies":[{"name":"wp","href":"https:\/\/api.w.org\/{rel}","templated":true}]}}

<p>[et_pb_section fb_built=&#8220;1&#8243; custom_padding_last_edited=&#8220;on|phone&#8220; admin_label=&#8220;section&#8220; module_class=&#8220;slider-banniere-pages&#8220; _builder_version=&#8220;4.24.2&#8243; background_image=&#8220;https://lumiart.ch/wp-content/uploads/2024/02/maquillage.jpg&#8220; custom_margin=&#8220;0px||0px||false|false&#8220; custom_padding=&#8220;175px||175px||true|false&#8220; custom_padding_tablet=&#8220;125px||125px||true|false&#8220; custom_padding_phone=&#8220;75px||75px||true|false&#8220; animation_style=&#8220;fade&#8220; animation_duration=&#8220;600ms&#8220; global_colors_info=&#8220;{}&#8220;][/et_pb_section][et_pb_section fb_built=&#8220;1&#8243; custom_padding_last_edited=&#8220;on|desktop&#8220; module_class=&#8220;illustration-femme&#8220; _builder_version=&#8220;4.27.3&#8243; _module_preset=&#8220;default&#8220; custom_margin=&#8220;0px||0px||false|false&#8220; custom_padding=&#8220;75px|40px|80px|40px|false|true&#8220; custom_padding_tablet=&#8220;55px|20px|60px|20px|false|true&#8220; custom_padding_phone=&#8220;|20px||20px|false|true&#8220; global_colors_info=&#8220;{}&#8220;][et_pb_row _builder_version=&#8220;4.17.3&#8243; _module_preset=&#8220;default&#8220; custom_margin=&#8220;0px||0px||false|false&#8220; custom_padding=&#8220;0px||0px||false|false&#8220; global_colors_info=&#8220;{}&#8220;][et_pb_column type=&#8220;4_4&#8243; _builder_version=&#8220;4.17.3&#8243; _module_preset=&#8220;default&#8220; global_colors_info=&#8220;{}&#8220;][et_pb_text _builder_version=&#8220;4.27.4&#8243; _module_preset=&#8220;default&#8220; text_text_color=&#8220;#AF0917&#8243; text_orientation=&#8220;center&#8220; custom_margin=&#8220;0px||14px||false|false&#8220; custom_padding=&#8220;0px||0px||false|false&#8220; text_font_size_tablet=&#8220;17px&#8220; text_font_size_phone=&#8220;16px&#8220; text_font_size_last_edited=&#8220;on|desktop&#8220; global_colors_info=&#8220;{}&#8220;]</p>
<p><strong>Wir bieten verschiedene Arten von Make-up an</strong></p>
<p>[/et_pb_text][et_pb_text _builder_version=&#8220;4.27.4&#8243; _module_preset=&#8220;default&#8220; header_text_align=&#8220;center&#8220; header_font_size=&#8220;38px&#8220; header_2_text_align=&#8220;center&#8220; header_2_font_size=&#8220;38px&#8220; width=&#8220;620px&#8220; max_width=&#8220;100%&#8220; module_alignment=&#8220;center&#8220; custom_margin=&#8220;0px||0px||false|false&#8220; custom_padding=&#8220;0px||0px||false|false&#8220; header_font_size_tablet=&#8220;35px&#8220; header_font_size_phone=&#8220;32px&#8220; header_font_size_last_edited=&#8220;on|phone&#8220; global_colors_info=&#8220;{}&#8220;]</p>
<h1>Make-up</h1>
<p>[/et_pb_text][et_pb_text _builder_version=&#8220;4.27.4&#8243; _module_preset=&#8220;default&#8220; text_orientation=&#8220;justified&#8220; width=&#8220;620px&#8220; max_width=&#8220;100%&#8220; module_alignment=&#8220;center&#8220; custom_margin=&#8220;0px||30px||false|false&#8220; custom_padding=&#8220;0px||0px||false|false&#8220; hover_enabled=&#8220;0&#8243; text_font_size_tablet=&#8220;17px&#8220; text_font_size_phone=&#8220;16px&#8220; text_font_size_last_edited=&#8220;on|desktop&#8220; global_colors_info=&#8220;{}&#8220; sticky_enabled=&#8220;0&#8243;]</p>
<p>Ob für Ihre Hochzeit, einen wichtigen Abend oder einen besonderen Tag: Zögern Sie nicht, Marie-Luz Garcia mit Ihrem Make-up zu beauftragen.</p>
<p>Für verschiedene Anlässe fertigt sie auch Airbrush-Make-ups sowie Theater-Make-ups an.</p>
<p>Lumi&#8217;Art bietet Ihnen ausserdem Make-up- und Airbrush-Kurse, persönliche Beratung und praktiziert auch Permanent-Make-up und das Anbringen falscher Wimpern.</p>
<p>Die Make-up-Kurse können für einen halben Tag gebucht werden (CHF 500.-). Der Tarif kann auch an Ihre spezifischeren Bedürfnisse angepasst werden (Augenarbeit, Mundarbeit, Auftragen der Grundierung, Diskussion um die Zusammensetzung der Produkte, usw.).</p>
<p>Unsere Referenzen :</p>
<ul>
<li>Opernhaus Freiburg</li>
<li>Oper von Avenches</li>
<li>Opéra des Champs im Saal CO2 de la Tour de Trême</li>
<li>Compagnie du Graal in Thonon</li>
</ul>
<p>[/et_pb_text][et_pb_button button_url=&#8220;@ET-DC@eyJkeW5hbWljIjp0cnVlLCJjb250ZW50IjoicG9zdF9saW5rX3VybF9wYWdlIiwic2V0dGluZ3MiOnsicG9zdF9pZCI6IjYwIn19@&#8220; button_text=&#8220;Kontaktieren Sie uns&#8220; button_alignment=&#8220;center&#8220; _builder_version=&#8220;4.27.4&#8243; _dynamic_attributes=&#8220;button_url&#8220; _module_preset=&#8220;default&#8220; global_colors_info=&#8220;{}&#8220;][/et_pb_button][/et_pb_column][/et_pb_row][/et_pb_section][et_pb_section fb_built=&#8220;1&#8243; custom_padding_last_edited=&#8220;on|desktop&#8220; disabled_on=&#8220;off|off|off&#8220; _builder_version=&#8220;4.27.4&#8243; _module_preset=&#8220;default&#8220; custom_margin=&#8220;0px||0px||false|false&#8220; custom_padding=&#8220;0px|20px|40px|20px|false|true&#8220; custom_padding_tablet=&#8220;|10px|60px|10px|false|true&#8220; custom_padding_phone=&#8220;|10px|60px|10px|false|true&#8220; global_colors_info=&#8220;{}&#8220;][et_pb_row use_custom_gutter=&#8220;on&#8220; gutter_width=&#8220;2&#8243; _builder_version=&#8220;4.17.3&#8243; _module_preset=&#8220;default&#8220; max_width=&#8220;1320px&#8220; custom_margin=&#8220;0px||0px||false|false&#8220; custom_padding=&#8220;0px||0px||false|false&#8220; global_colors_info=&#8220;{}&#8220;][et_pb_column type=&#8220;4_4&#8243; _builder_version=&#8220;4.17.3&#8243; _module_preset=&#8220;default&#8220; global_colors_info=&#8220;{}&#8220;][et_pb_gallery gallery_ids=&#8220;1563,1597,1603,1600&#8243; posts_number=&#8220;1000&#8243; show_title_and_caption=&#8220;off&#8220; show_pagination=&#8220;off&#8220; zoom_icon_color=&#8220;#AF0917&#8243; hover_overlay_color=&#8220;rgba(255,255,255,0.84)&#8220; hover_icon=&#8220;&#x30;||divi||400&#8243; _builder_version=&#8220;4.27.4&#8243; _module_preset=&#8220;default&#8220; hover_enabled=&#8220;0&#8243; global_colors_info=&#8220;{}&#8220; sticky_enabled=&#8220;0&#8243;][/et_pb_gallery][/et_pb_column][/et_pb_row][/et_pb_section]</p>

<p>Wir bieten verschiedene Arten von Make-up anMake-upOb für Ihre Hochzeit, einen wichtigen Abend oder einen besonderen Tag: Zögern Sie nicht, Marie-Luz Garcia mit Ihrem Make-up zu beauftragen. Für verschiedene Anlässe fertigt sie auch Airbrush-Make-ups sowie Theater-Make-ups an. Lumi&#8217;Art bietet Ihnen ausserdem Make-up- und Airbrush-Kurse, persönliche Beratung und praktiziert auch Permanent-Make-up und das Anbringen falscher Wimpern. [&hellip;]</p>

[et_pb_section fb_built="1" custom_padding_last_edited="on|phone" admin_label="section" module_class="slider-banniere-pages" _builder_version="4.24.2" background_image="https://lumiart.ch/wp-content/uploads/2024/02/maquillage.jpg" custom_margin="0px||0px||false|false" custom_padding="175px||175px||true|false" custom_padding_tablet="125px||125px||true|false" custom_padding_phone="75px||75px||true|false" animation_style="fade" animation_duration="600ms" global_colors_info="{}"][/et_pb_section][et_pb_section fb_built="1" custom_padding_last_edited="on|desktop" module_class="illustration-femme" _builder_version="4.27.3" _module_preset="default" custom_margin="0px||0px||false|false" custom_padding="75px|40px|80px|40px|false|true" custom_padding_tablet="55px|20px|60px|20px|false|true" custom_padding_phone="|20px||20px|false|true" hover_enabled="0" global_colors_info="{}" sticky_enabled="0"][et_pb_row _builder_version="4.17.3" _module_preset="default" custom_margin="0px||0px||false|false" custom_padding="0px||0px||false|false" global_colors_info="{}"][et_pb_column type="4_4" _builder_version="4.17.3" _module_preset="default" global_colors_info="{}"][et_pb_text _builder_version="4.27.3" _module_preset="default" text_text_color="#AF0917" text_orientation="center" custom_margin="0px||14px||false|false" custom_padding="0px||0px||false|false" hover_enabled="0" global_colors_info="{}" text_font_size_last_edited="on|desktop" sticky_enabled="0" text_font_size_tablet="17px" text_font_size_phone="16px"]

<strong>Nous proposons différents types de maquillage</strong>

[/et_pb_text][et_pb_text _builder_version="4.20.4" _module_preset="default" header_text_align="center" header_font_size="38px" header_2_text_align="center" header_2_font_size="38px" width="620px" max_width="100%" module_alignment="center" custom_margin="0px||0px||false|false" custom_padding="0px||0px||false|false" header_font_size_tablet="35px" header_font_size_phone="32px" header_font_size_last_edited="on|phone" global_colors_info="{}"]
<h1>Maquillage</h1>
[/et_pb_text][et_pb_text _builder_version="4.27.3" _module_preset="default" text_orientation="justified" width="620px" max_width="100%" module_alignment="center" custom_margin="0px||30px||false|false" custom_padding="0px||0px||false|false" hover_enabled="0" global_colors_info="{}" text_font_size_last_edited="on|desktop" sticky_enabled="0" text_font_size_tablet="17px" text_font_size_phone="16px"]

Que ce soit pour votre mariage, pour une soirée importante ou pour une journée particulière, n’hésitez pas à faire appel à Marie-Luz Garcia pour vos maquillages.

Pour différentes occasions, elle réalise également des maquillages à l’aérographe ainsi que des maquillages de théâtre.

Lumi’Art vous propose aussi des cours de maquillage et d’aérographe, des conseils personnalisés et pratique également les maquillages permanents et la pose de faux cils.

Les <strong>cours de maquillage</strong> peuvent se réserver pour une demi-journée (CHF 500.–). Le tarif peut également être adapté selon vos besoins plus spécifiques (travail de l'œil, travail de la bouche, application du fond de peau, discussion autour de la composition des produits, etc.).

Nos références :
<ul>
 	<li>Opéra de Fribourg</li>
 	<li>Opéra d’Avenches</li>
 	<li>Opéra des Champs à la salle CO2 de la Tour de Trême</li>
 	<li>Compagnie du Graal à Thonon</li>
</ul>
[/et_pb_text][et_pb_button button_url="@ET-DC@eyJkeW5hbWljIjp0cnVlLCJjb250ZW50IjoicG9zdF9saW5rX3VybF9wYWdlIiwic2V0dGluZ3MiOnsicG9zdF9pZCI6IjYwIn19@" button_text="Contactez-nous" button_alignment="center" _builder_version="4.23" _dynamic_attributes="button_url" _module_preset="default" global_colors_info="{}"][/et_pb_button][/et_pb_column][/et_pb_row][/et_pb_section][et_pb_section fb_built="1" custom_padding_last_edited="on|desktop" disabled_on="on|on|on" _builder_version="4.23" _module_preset="default" custom_margin="0px||0px||false|false" custom_padding="0px|20px|40px|20px|false|true" custom_padding_tablet="|10px|60px|10px|false|true" custom_padding_phone="|10px|60px|10px|false|true" disabled="on" global_colors_info="{}"][et_pb_row use_custom_gutter="on" gutter_width="2" _builder_version="4.17.3" _module_preset="default" max_width="1320px" custom_margin="0px||0px||false|false" custom_padding="0px||0px||false|false" global_colors_info="{}"][et_pb_column type="4_4" _builder_version="4.17.3" _module_preset="default" global_colors_info="{}"][et_pb_gallery gallery_ids="266,256,248,149,116" posts_number="1000" show_title_and_caption="off" show_pagination="off" zoom_icon_color="#AF0917" hover_overlay_color="rgba(255,255,255,0.84)" hover_icon="&#x30;||divi||400" _builder_version="4.17.3" _module_preset="default" global_colors_info="{}"][/et_pb_gallery][/et_pb_column][/et_pb_row][/et_pb_section]
