{"id":1165,"date":"2022-03-07T12:39:05","date_gmt":"2022-03-07T11:39:05","guid":{"rendered":"https:\/\/lumiart.ch\/?page_id=1165"},"modified":"2024-12-03T13:12:19","modified_gmt":"2024-12-03T12:12:19","slug":"organization-wedding","status":"publish","type":"page","link":"https:\/\/lumiart.ch\/en\/organization-wedding\/","title":{"rendered":"Organization wedding"},"content":{"rendered":"<p>[et_pb_section fb_built=&#8221;1&#8243; custom_padding_last_edited=&#8221;on|phone&#8221; admin_label=&#8221;section&#8221; module_class=&#8221;slider-banniere-pages&#8221; _builder_version=&#8221;4.17.3&#8243; background_image=&#8221;https:\/\/lumiart.ch\/wp-content\/uploads\/2022\/05\/fleurs.jpg&#8221; custom_margin=&#8221;0px||0px||false|false&#8221; custom_padding=&#8221;175px||175px||true|false&#8221; custom_padding_tablet=&#8221;125px||125px||true|false&#8221; custom_padding_phone=&#8221;75px||75px||true|false&#8221; animation_style=&#8221;fade&#8221; animation_duration=&#8221;600ms&#8221; global_colors_info=&#8221;{}&#8221;][\/et_pb_section][et_pb_section fb_built=&#8221;1&#8243; custom_padding_last_edited=&#8221;on|desktop&#8221; module_class=&#8221;illustration-femme&#8221; _builder_version=&#8221;4.27.3&#8243; _module_preset=&#8221;default&#8221; custom_margin=&#8221;0px||0px||false|false&#8221; custom_padding=&#8221;75px|40px|80px|40px|false|true&#8221; custom_padding_tablet=&#8221;55px|20px|60px|20px|false|true&#8221; custom_padding_phone=&#8221;|20px||20px|false|true&#8221; global_colors_info=&#8221;{}&#8221;][et_pb_row _builder_version=&#8221;4.17.3&#8243; _module_preset=&#8221;default&#8221; custom_margin=&#8221;0px||0px||false|false&#8221; custom_padding=&#8221;0px||0px||false|false&#8221; global_colors_info=&#8221;{}&#8221;][et_pb_column type=&#8221;4_4&#8243; _builder_version=&#8221;4.17.3&#8243; _module_preset=&#8221;default&#8221; global_colors_info=&#8221;{}&#8221;][et_pb_text _builder_version=&#8221;4.27.4&#8243; _module_preset=&#8221;default&#8221; text_text_color=&#8221;#AF0917&#8243; text_orientation=&#8221;center&#8221; custom_margin=&#8221;0px||14px||false|false&#8221; custom_padding=&#8221;0px||0px||false|false&#8221; hover_enabled=&#8221;0&#8243; text_font_size_tablet=&#8221;17px&#8221; text_font_size_phone=&#8221;16px&#8221; text_font_size_last_edited=&#8221;on|desktop&#8221; global_colors_info=&#8221;{}&#8221; sticky_enabled=&#8221;0&#8243;]<\/p>\n<p><strong>Organizing your wedding<\/strong><\/p>\n<p>[\/et_pb_text][et_pb_text _builder_version=&#8221;4.27.4&#8243; _module_preset=&#8221;default&#8221; header_text_align=&#8221;center&#8221; header_font_size=&#8221;38px&#8221; header_2_text_align=&#8221;center&#8221; header_2_font_size=&#8221;38px&#8221; width=&#8221;620px&#8221; max_width=&#8221;100%&#8221; module_alignment=&#8221;center&#8221; custom_margin=&#8221;0px||0px||false|false&#8221; custom_padding=&#8221;0px||0px||false|false&#8221; hover_enabled=&#8221;0&#8243; header_font_size_tablet=&#8221;35px&#8221; header_font_size_phone=&#8221;32px&#8221; header_font_size_last_edited=&#8221;on|phone&#8221; global_colors_info=&#8221;{}&#8221; sticky_enabled=&#8221;0&#8243;]<\/p>\n<h1>We organize your wedding in and around Bulle<\/h1>\n<p>[\/et_pb_text][et_pb_text _builder_version=&#8221;4.27.4&#8243; _module_preset=&#8221;default&#8221; text_orientation=&#8221;justified&#8221; width=&#8221;620px&#8221; max_width=&#8221;100%&#8221; module_alignment=&#8221;center&#8221; custom_margin=&#8221;0px||30px||false|false&#8221; custom_padding=&#8221;0px||0px||false|false&#8221; hover_enabled=&#8221;0&#8243; text_font_size_tablet=&#8221;17px&#8221; text_font_size_phone=&#8221;16px&#8221; text_font_size_last_edited=&#8221;on|desktop&#8221; global_colors_info=&#8221;{}&#8221; sticky_enabled=&#8221;0&#8243;]<\/p>\n<p>Marie-Luz Garcia, a professional esthetician, can organize your wedding. From body treatments to the decoration of your wedding hall, let our team of professionals advise and guide you.<\/p>\n<p>Adapting to your budget, we&#8217;ll find the formula that suits you best. Our team will take care of <strong>all the logistics<\/strong> and make sure your wedding goes off without a hitch.<\/p>\n<p>We can offer you a wide range of services, including <strong>make-up<\/strong>, <strong>photography<\/strong>, <strong>hairdressing<\/strong>, <strong>florists<\/strong>, <strong>catering<\/strong>, <strong>babysitting<\/strong>, creation and printing of your invitation cards or menu, and much more.<\/p>\n<p>It&#8217;s also possible to <strong>privatize the Lumi&#8217;ART beauty salon<\/strong> in Bulle for the bride and her bridesmaids and\/or guests of her choice (with complimentary snacks and aperitifs).<\/p>\n<p>For optimal organization, it&#8217;s best to send us your request a year in advance.<\/p>\n<p>[\/et_pb_text][et_pb_button button_url=&#8221;@ET-DC@eyJkeW5hbWljIjp0cnVlLCJjb250ZW50IjoicG9zdF9saW5rX3VybF9wYWdlIiwic2V0dGluZ3MiOnsicG9zdF9pZCI6IjYwIn19@&#8221; button_text=&#8221;Entrust us with your wedding&#8221; button_alignment=&#8221;center&#8221; _builder_version=&#8221;4.27.4&#8243; _dynamic_attributes=&#8221;button_url&#8221; _module_preset=&#8221;default&#8221; hover_enabled=&#8221;0&#8243; global_colors_info=&#8221;{}&#8221; sticky_enabled=&#8221;0&#8243;][\/et_pb_button][\/et_pb_column][\/et_pb_row][\/et_pb_section][et_pb_section fb_built=&#8221;1&#8243; custom_padding_last_edited=&#8221;on|desktop&#8221; disabled_on=&#8221;on|on|on&#8221; _builder_version=&#8221;4.20.4&#8243; _module_preset=&#8221;default&#8221; custom_margin=&#8221;0px||0px||false|false&#8221; custom_padding=&#8221;0px|20px|40px|20px|false|true&#8221; custom_padding_tablet=&#8221;|10px|60px|10px|false|true&#8221; custom_padding_phone=&#8221;|10px|60px|10px|false|true&#8221; disabled=&#8221;on&#8221; global_colors_info=&#8221;{}&#8221;][et_pb_row use_custom_gutter=&#8221;on&#8221; gutter_width=&#8221;2&#8243; _builder_version=&#8221;4.17.3&#8243; _module_preset=&#8221;default&#8221; max_width=&#8221;1320px&#8221; custom_margin=&#8221;0px||0px||false|false&#8221; custom_padding=&#8221;0px||0px||false|false&#8221; global_colors_info=&#8221;{}&#8221;][et_pb_column type=&#8221;4_4&#8243; _builder_version=&#8221;4.17.3&#8243; _module_preset=&#8221;default&#8221; global_colors_info=&#8221;{}&#8221;][et_pb_gallery gallery_ids=&#8221;267,257,249,150,117&#8243; posts_number=&#8221;1000&#8243; show_title_and_caption=&#8221;off&#8221; show_pagination=&#8221;off&#8221; zoom_icon_color=&#8221;#AF0917&#8243; hover_overlay_color=&#8221;rgba(255,255,255,0.84)&#8221; hover_icon=&#8221;&#x30;||divi||400&#8243; _builder_version=&#8221;4.17.3&#8243; _module_preset=&#8221;default&#8221; global_colors_info=&#8221;{}&#8221;][\/et_pb_gallery][\/et_pb_column][\/et_pb_row][\/et_pb_section]<\/p>\n","protected":false},"excerpt":{"rendered":"<p>Organizing your weddingWe organize your wedding in and around BulleMarie-Luz Garcia, a professional esthetician, can organize your wedding. From body treatments to the decoration of your wedding hall, let our team of professionals advise and guide you. Adapting to your budget, we&#8217;ll find the formula that suits you best. Our team will take care of [&hellip;]<\/p>\n","protected":false},"author":1,"featured_media":0,"parent":0,"menu_order":0,"comment_status":"closed","ping_status":"closed","template":"","meta":{"_et_pb_use_builder":"on","_et_pb_old_content":"[et_pb_section fb_built=\"1\" custom_padding_last_edited=\"on|phone\" admin_label=\"section\" module_class=\"slider-banniere-pages\" _builder_version=\"4.17.3\" background_image=\"https:\/\/lumiart.ch\/wp-content\/uploads\/2022\/05\/fleurs.jpg\" custom_margin=\"0px||0px||false|false\" custom_padding=\"175px||175px||true|false\" custom_padding_tablet=\"125px||125px||true|false\" custom_padding_phone=\"75px||75px||true|false\" animation_style=\"fade\" animation_duration=\"600ms\" global_colors_info=\"{}\"][\/et_pb_section][et_pb_section fb_built=\"1\" custom_padding_last_edited=\"on|desktop\" module_class=\"illustration-femme\" _builder_version=\"4.27.3\" _module_preset=\"default\" custom_margin=\"0px||0px||false|false\" custom_padding=\"75px|40px|80px|40px|false|true\" custom_padding_tablet=\"55px|20px|60px|20px|false|true\" custom_padding_phone=\"|20px||20px|false|true\" hover_enabled=\"0\" global_colors_info=\"{}\" sticky_enabled=\"0\"][et_pb_row _builder_version=\"4.17.3\" _module_preset=\"default\" custom_margin=\"0px||0px||false|false\" custom_padding=\"0px||0px||false|false\" global_colors_info=\"{}\"][et_pb_column type=\"4_4\" _builder_version=\"4.17.3\" _module_preset=\"default\" global_colors_info=\"{}\"][et_pb_text _builder_version=\"4.27.3\" _module_preset=\"default\" text_text_color=\"#AF0917\" text_orientation=\"center\" custom_margin=\"0px||14px||false|false\" custom_padding=\"0px||0px||false|false\" hover_enabled=\"0\" global_colors_info=\"{}\" text_font_size_last_edited=\"on|desktop\" sticky_enabled=\"0\" text_font_size_tablet=\"17px\" text_font_size_phone=\"16px\"]\n\n<strong>Organisation de votre mariage<\/strong>\n\n[\/et_pb_text][et_pb_text _builder_version=\"4.27.3\" _module_preset=\"default\" header_text_align=\"center\" header_font_size=\"38px\" header_2_text_align=\"center\" header_2_font_size=\"38px\" width=\"620px\" max_width=\"100%\" module_alignment=\"center\" custom_margin=\"0px||0px||false|false\" custom_padding=\"0px||0px||false|false\" hover_enabled=\"0\" header_font_size_tablet=\"35px\" header_font_size_phone=\"32px\" header_font_size_last_edited=\"on|phone\" global_colors_info=\"{}\" sticky_enabled=\"0\"]\n<h1>Nous organisons votre mariage \u00e0 bulle et environs<\/h1>\n[\/et_pb_text][et_pb_text _builder_version=\"4.27.3\" _module_preset=\"default\" text_orientation=\"justified\" width=\"620px\" max_width=\"100%\" module_alignment=\"center\" custom_margin=\"0px||30px||false|false\" custom_padding=\"0px||0px||false|false\" hover_enabled=\"0\" global_colors_info=\"{}\" text_font_size_last_edited=\"on|desktop\" sticky_enabled=\"0\" text_font_size_tablet=\"17px\" text_font_size_phone=\"16px\"]\n\nMarie-Luz Garcia, professionnelle de l'esth\u00e9tique, vous propose l'organisation de votre mariage. Du soin corporel \u00e0 la d\u00e9coration de votre salle de mariage, laissez-vous conseiller et guider par une \u00e9quipe de professionnels.\n\nEn nous adaptant \u00e0 votre budget, nous trouverons la formule qui vous conviendra le mieux. Notre \u00e9quipe s'occupera de <strong>toute la logistique<\/strong> et s'assurera du bon d\u00e9roulement de votre mariage.\n\nNous pouvons vous proposer nos diff\u00e9rentes prestations de <strong>maquillage<\/strong>, <strong>photographie, coiffeur<\/strong>, <strong>fleuriste, traiteur, babysitting<\/strong>, cr\u00e9ation et impression de vos cartes d'invitation ou menu, etc.\n\nIl est \u00e9galement possible de <strong>privatiser le cabinet d'esth\u00e9tique Lumi'ART<\/strong> \u00e0 Bulle pour la mari\u00e9e et ses demoiselles d'honneur et\/ou personnes de son choix (avec collation et ap\u00e9ritif offert).\n\nPour une organisation optimale, il est pr\u00e9f\u00e9rable de nous adresser votre demande avec une ann\u00e9e d'anticipation.\n\n[\/et_pb_text][et_pb_button button_url=\"@ET-DC@eyJkeW5hbWljIjp0cnVlLCJjb250ZW50IjoicG9zdF9saW5rX3VybF9wYWdlIiwic2V0dGluZ3MiOnsicG9zdF9pZCI6IjYwIn19@\" button_text=\"Confiez-nous votre mariage\" button_alignment=\"center\" _builder_version=\"4.17.3\" _dynamic_attributes=\"button_url\" _module_preset=\"default\" global_colors_info=\"{}\"][\/et_pb_button][\/et_pb_column][\/et_pb_row][\/et_pb_section][et_pb_section fb_built=\"1\" custom_padding_last_edited=\"on|desktop\" disabled_on=\"on|on|on\" _builder_version=\"4.20.4\" _module_preset=\"default\" custom_margin=\"0px||0px||false|false\" custom_padding=\"0px|20px|40px|20px|false|true\" custom_padding_tablet=\"|10px|60px|10px|false|true\" custom_padding_phone=\"|10px|60px|10px|false|true\" disabled=\"on\" global_colors_info=\"{}\"][et_pb_row use_custom_gutter=\"on\" gutter_width=\"2\" _builder_version=\"4.17.3\" _module_preset=\"default\" max_width=\"1320px\" custom_margin=\"0px||0px||false|false\" custom_padding=\"0px||0px||false|false\" global_colors_info=\"{}\"][et_pb_column type=\"4_4\" _builder_version=\"4.17.3\" _module_preset=\"default\" global_colors_info=\"{}\"][et_pb_gallery gallery_ids=\"266,256,248,149,116\" posts_number=\"1000\" show_title_and_caption=\"off\" show_pagination=\"off\" zoom_icon_color=\"#AF0917\" hover_overlay_color=\"rgba(255,255,255,0.84)\" hover_icon=\"&#x30;||divi||400\" _builder_version=\"4.17.3\" _module_preset=\"default\" global_colors_info=\"{}\"][\/et_pb_gallery][\/et_pb_column][\/et_pb_row][\/et_pb_section]","_et_gb_content_width":"","footnotes":""},"class_list":["post-1165","page","type-page","status-publish","hentry"],"_links":{"self":[{"href":"https:\/\/lumiart.ch\/en\/wp-json\/wp\/v2\/pages\/1165","targetHints":{"allow":["GET"]}}],"collection":[{"href":"https:\/\/lumiart.ch\/en\/wp-json\/wp\/v2\/pages"}],"about":[{"href":"https:\/\/lumiart.ch\/en\/wp-json\/wp\/v2\/types\/page"}],"author":[{"embeddable":true,"href":"https:\/\/lumiart.ch\/en\/wp-json\/wp\/v2\/users\/1"}],"replies":[{"embeddable":true,"href":"https:\/\/lumiart.ch\/en\/wp-json\/wp\/v2\/comments?post=1165"}],"version-history":[{"count":9,"href":"https:\/\/lumiart.ch\/en\/wp-json\/wp\/v2\/pages\/1165\/revisions"}],"predecessor-version":[{"id":1174,"href":"https:\/\/lumiart.ch\/en\/wp-json\/wp\/v2\/pages\/1165\/revisions\/1174"}],"wp:attachment":[{"href":"https:\/\/lumiart.ch\/en\/wp-json\/wp\/v2\/media?parent=1165"}],"curies":[{"name":"wp","href":"https:\/\/api.w.org\/{rel}","templated":true}]}}

[et_pb_section fb_built="1" custom_padding_last_edited="on|phone" admin_label="section" module_class="slider-banniere-pages" _builder_version="4.17.3" background_image="https://lumiart.ch/wp-content/uploads/2022/05/fleurs.jpg" custom_margin="0px||0px||false|false" custom_padding="175px||175px||true|false" custom_padding_tablet="125px||125px||true|false" custom_padding_phone="75px||75px||true|false" animation_style="fade" animation_duration="600ms" global_colors_info="{}"][/et_pb_section][et_pb_section fb_built="1" custom_padding_last_edited="on|desktop" module_class="illustration-femme" _builder_version="4.27.3" _module_preset="default" custom_margin="0px||0px||false|false" custom_padding="75px|40px|80px|40px|false|true" custom_padding_tablet="55px|20px|60px|20px|false|true" custom_padding_phone="|20px||20px|false|true" hover_enabled="0" global_colors_info="{}" sticky_enabled="0"][et_pb_row _builder_version="4.17.3" _module_preset="default" custom_margin="0px||0px||false|false" custom_padding="0px||0px||false|false" global_colors_info="{}"][et_pb_column type="4_4" _builder_version="4.17.3" _module_preset="default" global_colors_info="{}"][et_pb_text _builder_version="4.27.3" _module_preset="default" text_text_color="#AF0917" text_orientation="center" custom_margin="0px||14px||false|false" custom_padding="0px||0px||false|false" hover_enabled="0" global_colors_info="{}" text_font_size_last_edited="on|desktop" sticky_enabled="0" text_font_size_tablet="17px" text_font_size_phone="16px"]

<strong>Organisation de votre mariage</strong>

[/et_pb_text][et_pb_text _builder_version="4.27.3" _module_preset="default" header_text_align="center" header_font_size="38px" header_2_text_align="center" header_2_font_size="38px" width="620px" max_width="100%" module_alignment="center" custom_margin="0px||0px||false|false" custom_padding="0px||0px||false|false" hover_enabled="0" header_font_size_tablet="35px" header_font_size_phone="32px" header_font_size_last_edited="on|phone" global_colors_info="{}" sticky_enabled="0"]
<h1>Nous organisons votre mariage à bulle et environs</h1>
[/et_pb_text][et_pb_text _builder_version="4.27.3" _module_preset="default" text_orientation="justified" width="620px" max_width="100%" module_alignment="center" custom_margin="0px||30px||false|false" custom_padding="0px||0px||false|false" hover_enabled="0" global_colors_info="{}" text_font_size_last_edited="on|desktop" sticky_enabled="0" text_font_size_tablet="17px" text_font_size_phone="16px"]

Marie-Luz Garcia, professionnelle de l'esthétique, vous propose l'organisation de votre mariage. Du soin corporel à la décoration de votre salle de mariage, laissez-vous conseiller et guider par une équipe de professionnels.

En nous adaptant à votre budget, nous trouverons la formule qui vous conviendra le mieux. Notre équipe s'occupera de <strong>toute la logistique</strong> et s'assurera du bon déroulement de votre mariage.

Nous pouvons vous proposer nos différentes prestations de <strong>maquillage</strong>, <strong>photographie, coiffeur</strong>, <strong>fleuriste, traiteur, babysitting</strong>, création et impression de vos cartes d'invitation ou menu, etc.

Il est également possible de <strong>privatiser le cabinet d'esthétique Lumi'ART</strong> à Bulle pour la mariée et ses demoiselles d'honneur et/ou personnes de son choix (avec collation et apéritif offert).

Pour une organisation optimale, il est préférable de nous adresser votre demande avec une année d'anticipation.

[/et_pb_text][et_pb_button button_url="@ET-DC@eyJkeW5hbWljIjp0cnVlLCJjb250ZW50IjoicG9zdF9saW5rX3VybF9wYWdlIiwic2V0dGluZ3MiOnsicG9zdF9pZCI6IjYwIn19@" button_text="Confiez-nous votre mariage" button_alignment="center" _builder_version="4.17.3" _dynamic_attributes="button_url" _module_preset="default" global_colors_info="{}"][/et_pb_button][/et_pb_column][/et_pb_row][/et_pb_section][et_pb_section fb_built="1" custom_padding_last_edited="on|desktop" disabled_on="on|on|on" _builder_version="4.20.4" _module_preset="default" custom_margin="0px||0px||false|false" custom_padding="0px|20px|40px|20px|false|true" custom_padding_tablet="|10px|60px|10px|false|true" custom_padding_phone="|10px|60px|10px|false|true" disabled="on" global_colors_info="{}"][et_pb_row use_custom_gutter="on" gutter_width="2" _builder_version="4.17.3" _module_preset="default" max_width="1320px" custom_margin="0px||0px||false|false" custom_padding="0px||0px||false|false" global_colors_info="{}"][et_pb_column type="4_4" _builder_version="4.17.3" _module_preset="default" global_colors_info="{}"][et_pb_gallery gallery_ids="266,256,248,149,116" posts_number="1000" show_title_and_caption="off" show_pagination="off" zoom_icon_color="#AF0917" hover_overlay_color="rgba(255,255,255,0.84)" hover_icon="&#x30;||divi||400" _builder_version="4.17.3" _module_preset="default" global_colors_info="{}"][/et_pb_gallery][/et_pb_column][/et_pb_row][/et_pb_section]
